Let v(w) = -771*w - 289112. Determine v(-375).
13
Let x(d) = -5*d**2 - 42*d + 4487. Give x(-35).
-168
Let v(r) = -83*r**2 - 296*r - 1873. Calculate v(-8).
-4817
Let h(n) = -1059*n**2 - 635398*n + 1192. Give h(-600).
-8
Let t(x) = x**3 + 91*x**2 + 477*x + 61658. Determine t(-93).
-1
Let g(m) = m**3 - 187*m**2 - 79*m - 20497. What is g(188)?
-5
Let j(a) = -7*a**2 - 417*a + 2696. Give j(6).
-58
Let m(h) = h**3 - 39*h**2 + 235*h - 24. Calculate m(32).
328
Let j(s) = 2*s**3 + 361*s**2 + 231*s + 9184. What is j(-180)?
4
Let t(i) = i**3 + 15*i**2 - 577*i - 8258. Give t(-14).
16
Let d(s) = 2*s**2 + 201*s - 3053. Calculate d(13).
-102
Let y(z) = 2806584*z - 2806577. Give y(1).
7
Let z(w) = w**3 + 37*w**2 + 41*w + 113. Calculate z(-36).
-67
Let o(a) = -a**2 + 1295*a + 40153. What is o(-31)?
-953
Let m(q) = q**3 - 90*q**2 + 541*q + 3277. Calculate m(83).
-43
Let z(s) = s**2 - 1420*s + 11340. Calculate z(8).
44
Let x(g) = -g**3 - 87*g**2 - 1332*g - 22633. What is x(-73)?
-3
Let o(h) = -h**2 + 15957*h + 127771. What is o(-8)?
51
Let h(s) = -3*s**3 - 207*s**2 - 23*s - 1513. Give h(-69).
74
Let j(t) = -t**3 - 71*t**2 - 742*t + 272. Give j(-58).
-424
Let l(n) = n**3 - 19*n**2 - 34*n + 791. What is l(18)?
-145
Let s(k) = -17371*k + 416762. What is s(24)?
-142
Let n(k) = 4713*k - 150816. What is n(32)?
0
Let o(w) = w**3 - 22*w**2 - 28*w + 61. What is o(23)?
-54
Let p(d) = -45*d**2 - 6129*d + 51892. Give p(8).
-20
Let t(d) = -d**2 - 308863*d - 2779711. What is t(-9)?
-25
Let s(b) = 111*b - 1838. Give s(28).
1270
Let l(o) = 22229*o**2 - 111136*o + 15. Determine l(5).
60
Let s(v) = 21964*v - 461240. Calculate s(21).
4
Let v(b) = -b**2 - 84*b - 1712. Determine v(-24).
-272
Let i(q) = -244*q + 12446. What is i(57)?
-1462
Let r(d) = 364*d + 45393. What is r(-126)?
-471
Let p(q) = 1701*q**2 + 6986*q + 729. Determine p(-4).
1
Let x(d) = -870*d - 2836. Determine x(-1).
-1966
Let p(f) = 25*f**2 - 320*f - 4352. Determine p(21).
-47
Let a(y) = -8664*y + 580471. Calculate a(67).
-17
Let j(x) = x**3 - 66*x**2 - 27*x + 2341. What is j(66)?
559
Let f(z) = z**3 + 81*z**2 + 483*z + 120. Give f(-6).
-78
Let z(i) = -9*i**2 + 98*i + 1376. Calculate z(-8).
16
Let q(l) = 55*l - 2203. Calculate q(30).
-553
Let b(r) = -51*r + 8420. Give b(154).
566
Let c(d) = 69*d**2 + 100*d - 396. Give c(4).
1108
Let w(v) = -70591*v + 1623603. Determine w(23).
10
Let a(b) = -538307*b + 7. Determine a(0).
7
Let a(b) = -345*b**2 - 2575*b. Determine a(-7).
1120
Let b(t) = t**3 - 51*t**2 - 517*t - 1059. Determine b(-5).
126
Let q(p) = p**3 + 19*p**2 - 110*p - 2123. Determine q(-19).
-33
Let y(r) = -r**3 - 20*r**2 + 222*r + 4560. Give y(-15).
105
Let g(z) = 8172*z - 146777. What is g(18)?
319
Let d(i) = i**2 - 8896*i + 301351. Calculate d(34).
43
Let x(s) = -348*s**2 + 1410*s + 1632. Give x(5).
-18
Let u(q) = -49590*q - 545481. Determine u(-11).
9
Let o(a) = -880*a + 3104. Calculate o(2).
1344
Let k(b) = 390*b - 147723. Calculate k(381).
867
Let g(y) = y**3 + 5*y**2 - 150*y + 388. Determine g(8).
20
Let v(r) = -2*r**3 + 66*r**2 + 4745*r + 1028. Calculate v(68).
8
Let h(w) = -2*w**3 + w**2 + 5*w + 86. Calculate h(0).
86
Let h(v) = -167*v - 2868. Give h(-10).
-1198
Let s(y) = 2*y**3 - 53*y**2 + 285*y - 5. Calculate s(6).
229
Let h(v) = -2*v**2 - 1388006*v + 4164039. What is h(3)?
3
Let w(k) = -24940*k + 74826. Calculate w(3).
6
Let c(i) = 1865*i - 113773. What is c(61)?
-8
Let w(k) = k**2 - 599*k - 52814. What is w(-78)?
-8
Let p(r) = r**3 - 138*r**2 + 949*r - 3971. Give p(131).
221
Let y(i) = 239*i - 32373. Determine y(134).
-347
Let v(m) = -4*m**3 + 32*m**2 + 591*m - 4784. Calculate v(12).
4
Let g(q) = -683362*q - 6150286. What is g(-9)?
-28
Let z(m) = -58227*m + 2270776. Give z(39).
-77
Let b(l) = 461493*l - 923000. Calculate b(2).
-14
Let j(d) = -d**3 + 40*d**2 + 59*d - 1175. Give j(41).
-437
Let q(z) = -1102*z + 470588. Give q(427).
34
Let m(a) = -185*a**2 + 194604*a + 16836. What is m(1052)?
4
Let z(a) = -27*a**2 - 926*a - 57. Determine z(-34).
215
Let l(f) = 32*f**2 - 385*f - 1620. Calculate l(15).
-195
Let u(f) = -19*f**2 + 268*f - 1866. What is u(7)?
-921
Let h(b) = -4*b**2 + 17441*b + 209868. Determine h(-12).
0
Let o(c) = c**2 - 306*c + 21620. What is o(112)?
-108
Let z(u) = u**3 - 58*u**2 + 71*u + 2278. What is z(56)?
-18
Let x(b) = b**3 + 37*b**2 - 310*b - 899. Determine x(9).
37
Let w(b) = -b**2 - 2497*b + 14953. Give w(6).
-65
Let c(h) = -2*h**3 + 20*h**2 + 85*h - 1149. Determine c(9).
-222
Let j(z) = -4886*z - 102602. Calculate j(-21).
4
Let f(a) = -a**3 + 16*a**2 - 104*a + 1572. Give f(16).
-92
Let b(i) = -120777*i + 966247. Calculate b(8).
31
Let f(y) = 271*y**2 - 89*y + 87. Determine f(1).
269
Let k(n) = 2*n**2 + 13420*n + 40252. Calculate k(-3).
10
Let u(m) = m**3 - 133*m**2 + 578*m - 8143. Determine u(129).
-145
Let h(m) = m**3 + 26*m**2 + 133*m + 1040. Determine h(-12).
1460
Let i(j) = 1999*j + 36550. Calculate i(-18).
568
Let k(n) = -n**2 - 46906*n - 2810756. Give k(-60).
4
Let r(m) = -4670*m - 83996. What is r(-18)?
64
Let w(q) = q**3 - 38*q**2 + 74*q - 233. Give w(28).
-6001
Let r(u) = -5*u**2 - 2251*u + 39724. Give r(17).
12
Let a(y) = y**3 + 69*y**2 - 41*y + 2575. Give a(-70).
545
Let q(m) = -m**3 + 2*m**2 + 2160*m + 5. Calculate q(0).
5
Let y(a) = -a**3 - 457*a**2 + 3715*a - 2487. Give y(-465).
-162
Let b(z) = -2112*z + 31668. Determine b(15).
-12
Let d(x) = -4*x**3 - 51*x**2 + 93*x + 746. Determine d(-13).
-294
Let o(i) = -2*i**2 + 7361*i - 813159. What is o(114)?
3
Let g(q) = 3*q**3 + 12350*q**2 + 61659*q - 75. Determine g(-5).
5
Let w(t) = 2*t**2 - 16992*t - 2964118. What is w(-171)?
-4
Let p(z) = 32418*z - 259689. Calculate p(8).
-345
Let c(s) = -22*s**2 - 1708*s + 630. Calculate c(-78).
6
Let c(h) = h**3 + 94*h**2 - 88*h + 537. Determine c(-95).
-128
Let u(y) = -y**3 - 606*y**2 + 1581*y + 221960. Give u(-608).
40
Let v(k) = -k**2 - 37*k + 4679. What is v(57)?
-679
Let r(p) = 2*p**2 + 229*p + 659. What is r(-3)?
-10
Let y(l) = 72*l**2 - 259*l + 260. Calculate y(1).
73
Let n(v) = 94*v**3 + 5*v + 2. Give n(-2).
-760
Let t(p) = -6*p**2 - 24*p - 40. Calculate t(-4).
-40
Let h(u) = -u**2 - 2996*u + 44709. Give h(15).
-456
Let r(u) = 545*u**2 + 40*u + 62. What is r(-2)?
2162
Let r(s) = -3*s**3 - 2*s**2 + 1688*s - 5080. Determine r(3).
-115
Let v(o) = o**3 + 47*o**2 - 513*o + 16046. Determine v(-60).
26
Let h(f) = -f**3 + 14*f**2 + 18*f - 17. Give h(10).
563
Let g(f) = -f**2 - 2256*f - 135998. Determine g(-62).
30
Let o(i) = -1027508*i - 11302584. What is o(-11)?
4
Let r(s) = -11*s**2 + 64*s + 356. What is r(-5)?
-239
Let r(j) = -8646694*j + 25940086. Give r(3).
4
Let a(i) = 541*i + 1555. Give a(-4).
-609
Let f(a) = -a**3 + 804*a**2 - 2410*a + 5523. Determine f(801).
-84
Let a(v) = 2592*v - 71709. What is a(27)?
-1725
Let w(p) = 11*p**2 - 426*p + 3525. Determine w(9).
582
Let s(b) = 30*b**2 - 4042*b - 5184. Give s(136).
-16
Let w(f) = f**3 + 5*f**2 - 1382*f - 8279. Calculate w(-6).
-23
Let o(x) = 4*x**3 - x**2 - 76*x + 70. Give o(4).
6
Let u(m) = 85*m**2 + 265*m + 80. What is u(-3)?
50
Let b(r) = 13*r**3 + 57*r**2 + 378*r + 1105. Give b(-3).
133
Let x(t) = -3*t**3 - 199*t**2 - 430*t + 1071. What is x(-64)?
-81
Let n(u) = -4944*u + 1119. Calculate n(0).
1119
Let c(h) = 322*h + 17604. What is c(-56)?
-428
Let t(a) = a**3 + 88*a**2 + 22*a + 2004. Determine t(-88).
68
Let g(l) = l**3 + 13*l**2 + 12*l - 210. What is g(-14)?
-574
Let u(y) = y**2 - 207*y + 10597. Determine u(98).
-85
Let z(u) = -94*u**3 + 6*u**2 - 16*u + 37. Determine z(2).
-723
Let y(c) = -133*c**3 + 3856*c**2 - 33*c + 1794. Give y(29).
-4
Let r(c) = c**2 - 2789*c - 534414. Determine r(-180).
6
Let j(z) = z**2 + 175*z + 1650. Calculate j(-9).
156
Let d(p) = -9*p**2 + 541*p - 1280. Give d(57).
316
Let w(v) = v**3 + 43*v**2 - 159*v - 6764. Calculate w(-43).
73
Let a(u) = -5*u**2 + 84*u + 1477. Give a(-11).
-52
Let d(u) = -3435*u**2 + 178622*u - 97. Give d(52).
7
Let m(y) = -y**2 + 530*y - 18705. What is m(38)?
-9
Let c(w) = w**3 + 392*w**2 - 7433*w + 906. Determine c(18).
-48
Let z(x) = x**2 + 53490*x + 695324. Give z(-13).
123
Let u(k) = 2113*k - 6132. What is u(2)?
-1906
Let i(q) = 5*q**2 - 80*q + 1132. Calculate i(16).
1132
Let a(u) = -20511*u - 2871546. What is a(-140)?
-6
Let f(c) = 2*c**2 - 691511*c - 11064695. Ca